{"id":156,"date":"2018-06-23T18:58:08","date_gmt":"2018-06-23T16:58:08","guid":{"rendered":"http:\/\/amc77.org\/?page_id=156"},"modified":"2024-06-04T13:51:29","modified_gmt":"2024-06-04T11:51:29","slug":"richard-wadycki-clarinette","status":"publish","type":"page","link":"https:\/\/amc77.org\/index.php\/richard-wadycki-clarinette\/","title":{"rendered":"Oleksandr Zhehalov, clarinette"},"content":{"rendered":"\n<p class=\"has-text-align-center\">Oleksandr Zhehalov est un clarinettiste polyvalent, qui se consacre principalement \u00e0 la musique classique et contemporaine.<br>Apr\u00e8s ses \u00e9tudes avec Philippe Cuper (Op\u00e9ra de Paris) au Conservatoire de Versailles il s\u2019est perfectionn\u00e9 avec des grandes personnalit\u00e9s de l\u2019instrument : Alessandro Carbonare \u00e0 l\u2019Accademia Chigiana, Stanley Drucker, Eddy Vanoosthuyse, Carlos Alves, Juan Ferrer, Mariano Rey, Calogero Palermo, C\u00e9line Millet, Staffan M\u00e5rtensson..<br>Laur\u00e9at des concours internationaux, notamment : 4\u00e8me Concours International de clarinette \u00ab Louis Cahuzac \u00bb, Concours Rosenthal 2024, Concours International pour les instruments \u00e0 vent \u201cClassic Winds\u201d \u00e0 Duba\u00ef, Concours National de clarinette en Picardie, Concours International L\u00e9opold Bellan..<\/p>\n","protected":false},"excerpt":{"rendered":"<p>Oleksandr Zhehalov est un clarinettiste polyvalent, qui se consacre principalement \u00e0 la musique classique et contemporaine.Apr\u00e8s ses \u00e9tudes avec Philippe Cuper (Op\u00e9ra de Paris) au Conservatoire de Versailles il s\u2019est perfectionn\u00e9 avec des grandes personnalit\u00e9s de l\u2019instrument : Alessandro Carbonare \u00e0 l\u2019Accademia Chigiana, Stanley Drucker, Eddy Vanoosthuyse, Carlos Alves, Juan Ferrer, Mariano Rey, Calogero Palermo, &hellip; <a href=\"https:\/\/amc77.org\/index.php\/richard-wadycki-clarinette\/\" class=\"more-link\">Continuer la lecture<span class=\"screen-reader-text\"> de &laquo;&nbsp;Oleksandr Zhehalov, clarinette&nbsp;&raquo;<\/span><\/a><\/p>\n","protected":false},"author":1,"featured_media":2414,"parent":0,"menu_order":0,"comment_status":"closed","ping_status":"closed","template":"","meta":{"footnotes":""},"class_list":["post-156","page","type-page","status-publish","has-post-thumbnail","hentry"],"_links":{"self":[{"href":"https:\/\/amc77.org\/index.php\/wp-json\/wp\/v2\/pages\/156","targetHints":{"allow":["GET"]}}],"collection":[{"href":"https:\/\/amc77.org\/index.php\/wp-json\/wp\/v2\/pages"}],"about":[{"href":"https:\/\/amc77.org\/index.php\/wp-json\/wp\/v2\/types\/page"}],"author":[{"embeddable":true,"href":"https:\/\/amc77.org\/index.php\/wp-json\/wp\/v2\/users\/1"}],"replies":[{"embeddable":true,"href":"https:\/\/amc77.org\/index.php\/wp-json\/wp\/v2\/comments?post=156"}],"version-history":[{"count":11,"href":"https:\/\/amc77.org\/index.php\/wp-json\/wp\/v2\/pages\/156\/revisions"}],"predecessor-version":[{"id":2420,"href":"https:\/\/amc77.org\/index.php\/wp-json\/wp\/v2\/pages\/156\/revisions\/2420"}],"wp:featuredmedia":[{"embeddable":true,"href":"https:\/\/amc77.org\/index.php\/wp-json\/wp\/v2\/media\/2414"}],"wp:attachment":[{"href":"https:\/\/amc77.org\/index.php\/wp-json\/wp\/v2\/media?parent=156"}],"curies":[{"name":"wp","href":"https:\/\/api.w.org\/{rel}","templated":true}]}}