{"id":164,"date":"2018-06-23T19:02:10","date_gmt":"2018-06-23T17:02:10","guid":{"rendered":"http:\/\/amc77.org\/?page_id=164"},"modified":"2025-09-02T11:29:35","modified_gmt":"2025-09-02T09:29:35","slug":"herve-guillet-guitare-moderne","status":"publish","type":"page","link":"https:\/\/amc77.org\/index.php\/herve-guillet-guitare-moderne\/","title":{"rendered":"Herv\u00e9 Guillet, guitare moderne"},"content":{"rendered":"\n<h2 class=\"wp-block-heading has-text-align-center has-medium-font-size\"><strong>Herv\u00e9 Guillet, guitare moderne<\/strong><\/h2>\n\n\n\n<p class=\"has-text-align-center\"><strong>Bassiste\/Guitariste : cr\u00e9atif et sans limite !<\/strong><\/p>\n\n\n\n<p class=\"has-text-align-left\"><br>C&rsquo;est \u00e0 l&rsquo;\u00e2ge de 12 ans qu&rsquo;il d\u00e9couvre la guitare, 2 ans plus tard avec des<br>camarades il monte un groupe, \u00ab Paysan Fury, Rock Agricole \u00bb Apr\u00e8s moult<br>r\u00e9p\u00e9titions et quelques concerts le groupe se s\u00e9pare, il h\u00e9rite alors d&rsquo;une Guitare<br>Basse\u2026. Sa voie est trac\u00e9e !<br>Du Rock (Porte-Mentaux,Icy Road) \u00e0 la musique Berb\u00e8re (Baaziz,<br>Malika Domrane, Yaness) en passant par la Pop (Ricky Martin, Alys, Lila<br>Lune)l&rsquo;\u00e9lectro (Karen Betty, Mandeyo, Gandi).<br>Les tributs (Supr\u00eames Girls), la Soul, le Blues et Rythm &amp; blues (Nicole Slake-<br>Jones Mama&rsquo;s Biscuit, Ruby Wilson, Franck Ash, Vincent Bucher), les<br>Com\u00e9dies Musicales (Blanche, un Eclat d&rsquo;Eternit\u00e9, Temps Pass\u00e9s, Temps<br>Futurs, Templiers). Du studio \u00e0 la sc\u00e8ne, Il parcourt l&rsquo;Europe et le monde, avide<br>d&rsquo;experiences humaines et musicales . Titulaire d&rsquo;un DE MAA (Musiques<br>Actuelles Amplifi\u00e9es) et conjointement \u00e0 ses activit\u00e9s artistiques, il poursuit<br>une carri\u00e8re de p\u00e9dagogue.<br>Depuis 10 ans, Il collabore r\u00e9guli\u00e8rement avec les Chefs de Choeurs Xavier<br>Vidic et Christophe All\u00e8gre .<\/p>\n","protected":false},"excerpt":{"rendered":"<p>Herv\u00e9 Guillet, guitare moderne Bassiste\/Guitariste : cr\u00e9atif et sans limite ! C&rsquo;est \u00e0 l&rsquo;\u00e2ge de 12 ans qu&rsquo;il d\u00e9couvre la guitare, 2 ans plus tard avec descamarades il monte un groupe, \u00ab Paysan Fury, Rock Agricole \u00bb Apr\u00e8s moultr\u00e9p\u00e9titions et quelques concerts le groupe se s\u00e9pare, il h\u00e9rite alors d&rsquo;une GuitareBasse\u2026. Sa voie est trac\u00e9e &hellip; <a href=\"https:\/\/amc77.org\/index.php\/herve-guillet-guitare-moderne\/\" class=\"more-link\">Continuer la lecture<span class=\"screen-reader-text\"> de &laquo;&nbsp;Herv\u00e9 Guillet, guitare moderne&nbsp;&raquo;<\/span><\/a><\/p>\n","protected":false},"author":1,"featured_media":2717,"parent":0,"menu_order":0,"comment_status":"closed","ping_status":"closed","template":"","meta":{"footnotes":""},"class_list":["post-164","page","type-page","status-publish","has-post-thumbnail","hentry"],"_links":{"self":[{"href":"https:\/\/amc77.org\/index.php\/wp-json\/wp\/v2\/pages\/164","targetHints":{"allow":["GET"]}}],"collection":[{"href":"https:\/\/amc77.org\/index.php\/wp-json\/wp\/v2\/pages"}],"about":[{"href":"https:\/\/amc77.org\/index.php\/wp-json\/wp\/v2\/types\/page"}],"author":[{"embeddable":true,"href":"https:\/\/amc77.org\/index.php\/wp-json\/wp\/v2\/users\/1"}],"replies":[{"embeddable":true,"href":"https:\/\/amc77.org\/index.php\/wp-json\/wp\/v2\/comments?post=164"}],"version-history":[{"count":13,"href":"https:\/\/amc77.org\/index.php\/wp-json\/wp\/v2\/pages\/164\/revisions"}],"predecessor-version":[{"id":2720,"href":"https:\/\/amc77.org\/index.php\/wp-json\/wp\/v2\/pages\/164\/revisions\/2720"}],"wp:featuredmedia":[{"embeddable":true,"href":"https:\/\/amc77.org\/index.php\/wp-json\/wp\/v2\/media\/2717"}],"wp:attachment":[{"href":"https:\/\/amc77.org\/index.php\/wp-json\/wp\/v2\/media?parent=164"}],"curies":[{"name":"wp","href":"https:\/\/api.w.org\/{rel}","templated":true}]}}