{"id":171,"date":"2018-06-23T19:04:57","date_gmt":"2018-06-23T17:04:57","guid":{"rendered":"http:\/\/amc77.org\/?page_id=171"},"modified":"2020-06-12T14:37:32","modified_gmt":"2020-06-12T12:37:32","slug":"remi-metral-batterie","status":"publish","type":"page","link":"https:\/\/amc77.org\/index.php\/remi-metral-batterie\/","title":{"rendered":"R\u00e9mi M\u00c9TRAL, batterie"},"content":{"rendered":"\n<h2 class=\"has-text-align-center has-medium-font-size wp-block-heading\"><strong>R\u00e9mi M\u00c9TRAL, batterie<\/strong><\/h2>\n\n\n\n<p>R\u00e9mi Metral est batteur et professeur de batterie depuis 2004. Il enseigne actuellement au Conservatoire de Mennecy, au Conservatoire Musiques en Seine et au sein de l\u2019\u00e9cole associative AMC.&nbsp; &nbsp; &nbsp;<\/p>\n\n\n\n<p>Apr\u00e8s ses d\u00e9buts derri\u00e8re l\u2019instrument au sein de l\u2019\u00e9cole municipale de sa ville \u00e0 11 ans,il entre au conservatoire deux ans plus tard. Il s\u2019y d\u00e9couvre une passion pour le jazz,son histoire et les musiques improvis\u00e9es. Lors de la fin de ses \u00e9tudes musicales \u00e0 Paris,il int\u00e8gre parall\u00e8lement l\u2019Ecole Sup\u00e9rieure de Batterie Emmanuel Boursault dont il ressort dipl\u00f4m\u00e9 \u00e0 20 ans. Il en sera professeur d\u00e8s la rentr\u00e9e suivante. C\u2019est \u00e0 ce moment que na\u00eet son profond engagement envers la p\u00e9dagogie musicale et la transmission du savoir.<\/p>\n\n\n\n<p>Les diff\u00e9rents niveaux et personnalit\u00e9s rencontr\u00e9s lors de sa premi\u00e8re ann\u00e9e en tant que professeur comme autant de fa\u00e7on d\u2019appr\u00e9hender et pr\u00e9parer l\u2019enseignement furent un v\u00e9ritable \u00e9lan pour ce qui sera son d\u00e9vouement total envers la progression de ses \u00e9l\u00e8ves pass\u00e9s,pr\u00e9sents et futurs.&nbsp; &nbsp; &nbsp; &nbsp; &nbsp; &nbsp; &nbsp; &nbsp; &nbsp; &nbsp; &nbsp; &nbsp; &nbsp; &nbsp; &nbsp; &nbsp; &nbsp; &nbsp; &nbsp; &nbsp; &nbsp; &nbsp; &nbsp; &nbsp; &nbsp; &nbsp; &nbsp; &nbsp; &nbsp; &nbsp; &nbsp; &nbsp; &nbsp; &nbsp; &nbsp; &nbsp; &nbsp; &nbsp; &nbsp; &nbsp; &nbsp; &nbsp; &nbsp; &nbsp; &nbsp; &nbsp; &nbsp; &nbsp; &nbsp; &nbsp; &nbsp; &nbsp; &nbsp; &nbsp; &nbsp; &nbsp; &nbsp; &nbsp; &nbsp; &nbsp; &nbsp; &nbsp; &nbsp; &nbsp; &nbsp; &nbsp; &nbsp; &nbsp; &nbsp; &nbsp;Ces \u00e9tudes furent l\u2019occasion de diff\u00e9rentes rencontres qui donneront plusieurs collaborations musicales \u00e0 c\u00f4t\u00e9 de son m\u00e9tier d\u2019enseignant. Sur une musique plut\u00f4t binaire \u00e0 ses d\u00e9buts en tant que musicien R\u00e9mi s\u2019est rapidement orient\u00e9 vers le jazz,accompagnant diverses formations tournant autour de la p\u00e9riode bebop avant de se consacrer exclusivement \u00e0 son duo piano batterie jusqu\u2019\u00e0 maintenant.<\/p>\n\n\n\n<p>L\u2019occasion pour lui de se consacrer \u00e0 un jazz fait de toutes les influences et exp\u00e9riences glan\u00e9es au cours de ces ann\u00e9es en exploitant toutes les ressources et d\u00e9fis offerts par cette formation particuli\u00e8re que constitue le duo.<\/p>\n","protected":false},"excerpt":{"rendered":"<p>R\u00e9mi M\u00c9TRAL, batterie R\u00e9mi Metral est batteur et professeur de batterie depuis 2004. Il enseigne actuellement au Conservatoire de Mennecy, au Conservatoire Musiques en Seine et au sein de l\u2019\u00e9cole associative AMC.&nbsp; &nbsp; &nbsp; Apr\u00e8s ses d\u00e9buts derri\u00e8re l\u2019instrument au sein de l\u2019\u00e9cole municipale de sa ville \u00e0 11 ans,il entre au conservatoire deux ans &hellip; <a href=\"https:\/\/amc77.org\/index.php\/remi-metral-batterie\/\" class=\"more-link\">Continuer la lecture<span class=\"screen-reader-text\"> de &laquo;&nbsp;R\u00e9mi M\u00c9TRAL, batterie&nbsp;&raquo;<\/span><\/a><\/p>\n","protected":false},"author":1,"featured_media":416,"parent":0,"menu_order":0,"comment_status":"closed","ping_status":"closed","template":"","meta":{"footnotes":""},"class_list":["post-171","page","type-page","status-publish","has-post-thumbnail","hentry"],"_links":{"self":[{"href":"https:\/\/amc77.org\/index.php\/wp-json\/wp\/v2\/pages\/171","targetHints":{"allow":["GET"]}}],"collection":[{"href":"https:\/\/amc77.org\/index.php\/wp-json\/wp\/v2\/pages"}],"about":[{"href":"https:\/\/amc77.org\/index.php\/wp-json\/wp\/v2\/types\/page"}],"author":[{"embeddable":true,"href":"https:\/\/amc77.org\/index.php\/wp-json\/wp\/v2\/users\/1"}],"replies":[{"embeddable":true,"href":"https:\/\/amc77.org\/index.php\/wp-json\/wp\/v2\/comments?post=171"}],"version-history":[{"count":25,"href":"https:\/\/amc77.org\/index.php\/wp-json\/wp\/v2\/pages\/171\/revisions"}],"predecessor-version":[{"id":1547,"href":"https:\/\/amc77.org\/index.php\/wp-json\/wp\/v2\/pages\/171\/revisions\/1547"}],"wp:featuredmedia":[{"embeddable":true,"href":"https:\/\/amc77.org\/index.php\/wp-json\/wp\/v2\/media\/416"}],"wp:attachment":[{"href":"https:\/\/amc77.org\/index.php\/wp-json\/wp\/v2\/media?parent=171"}],"curies":[{"name":"wp","href":"https:\/\/api.w.org\/{rel}","templated":true}]}}

Rémi MÉTRAL, batterie

<h2 class="has-text-align-center has-medium-font-size wp-block-heading"><strong>Rémi MÉTRAL, batterie</strong></h2>



<p>Rémi Metral est batteur et professeur de batterie depuis 2004. Il enseigne actuellement au Conservatoire de Mennecy, au Conservatoire Musiques en Seine et au sein de l’école associative AMC.&nbsp; &nbsp; &nbsp;</p>



<p>Après ses débuts derrière l’instrument au sein de l’école municipale de sa ville à 11 ans,il entre au conservatoire deux ans plus tard. Il s’y découvre une passion pour le jazz,son histoire et les musiques improvisées. Lors de la fin de ses études musicales à Paris,il intègre parallèlement l’Ecole Supérieure de Batterie Emmanuel Boursault dont il ressort diplômé à 20 ans. Il en sera professeur dès la rentrée suivante. C’est à ce moment que naît son profond engagement envers la pédagogie musicale et la transmission du savoir.</p>



<p>Les différents niveaux et personnalités rencontrés lors de sa première année en tant que professeur comme autant de façon d’appréhender et préparer l’enseignement furent un véritable élan pour ce qui sera son dévouement total envers la progression de ses élèves passés,présents et futurs.&nbsp; &nbsp; &nbsp; &nbsp; &nbsp; &nbsp; &nbsp; &nbsp; &nbsp; &nbsp; &nbsp; &nbsp; &nbsp; &nbsp; &nbsp; &nbsp; &nbsp; &nbsp; &nbsp; &nbsp; &nbsp; &nbsp; &nbsp; &nbsp; &nbsp; &nbsp; &nbsp; &nbsp; &nbsp; &nbsp; &nbsp; &nbsp; &nbsp; &nbsp; &nbsp; &nbsp; &nbsp; &nbsp; &nbsp; &nbsp; &nbsp; &nbsp; &nbsp; &nbsp; &nbsp; &nbsp; &nbsp; &nbsp; &nbsp; &nbsp; &nbsp; &nbsp; &nbsp; &nbsp; &nbsp; &nbsp; &nbsp; &nbsp; &nbsp; &nbsp; &nbsp; &nbsp; &nbsp; &nbsp; &nbsp; &nbsp; &nbsp; &nbsp; &nbsp; &nbsp;Ces études furent l’occasion de différentes rencontres qui donneront plusieurs collaborations musicales à côté de son métier d’enseignant. Sur une musique plutôt binaire à ses débuts en tant que musicien Rémi s’est rapidement orienté vers le jazz,accompagnant diverses formations tournant autour de la période bebop avant de se consacrer exclusivement à son duo piano batterie jusqu’à maintenant.</p>



<p>L’occasion pour lui de se consacrer à un jazz fait de toutes les influences et expériences glanées au cours de ces années en exploitant toutes les ressources et défis offerts par cette formation particulière que constitue le duo.</p>

<p>Rémi MÉTRAL, batterie Rémi Metral est batteur et professeur de batterie depuis 2004. Il enseigne actuellement au Conservatoire de Mennecy, au Conservatoire Musiques en Seine et au sein de l’école associative AMC.&nbsp; &nbsp; &nbsp; Après ses débuts derrière l’instrument au sein de l’école municipale de sa ville à 11 ans,il entre au conservatoire deux ans &hellip; <a href="https://amc77.org/index.php/remi-metral-batterie/" class="more-link">Continuer la lecture<span class="screen-reader-text"> de &laquo;&nbsp;Rémi MÉTRAL, batterie&nbsp;&raquo;</span></a></p>
