{"id":179,"date":"2018-06-23T19:08:51","date_gmt":"2018-06-23T17:08:51","guid":{"rendered":"http:\/\/amc77.org\/?page_id=179"},"modified":"2025-09-02T17:13:28","modified_gmt":"2025-09-02T15:13:28","slug":"adrien-roch-saxophone","status":"publish","type":"page","link":"https:\/\/amc77.org\/index.php\/adrien-roch-saxophone\/","title":{"rendered":"Gr\u00e9goire Casseleux, saxophone"},"content":{"rendered":"\n<h2 class=\"wp-block-heading has-text-align-center has-medium-font-size\"><strong>Gr\u00e9goire Casseleux, saxophone<\/strong><\/h2>\n\n\n\n<p>Saxophoniste, compositeur et enseignant, Gr\u00e9goire est dipl\u00f4m\u00e9 du Conservatoire National Sup\u00e9rieur de Paris en jazz et en p\u00e9dagogie.<\/p>\n\n\n\n<p>Il a suivi des \u00e9tudes de musicologie \u00e0 La Sorbonne, de saxophone classique et jazz au Conservatoire R\u00e9gional de Paris, ainsi qu&rsquo;au P\u00f4le Sup\u00e9rieur de Paris Boulogne Billancourt.<\/p>\n\n\n\n<p>Il s\u2019est form\u00e9 au saxophone aupr\u00e8s de Baptiste Herbin, St\u00e9phane Guillaume, Jean-Charles Richard, Christian Wirth, mais aussi \u00e0 l\u2019arrangement avec Pierre Bertrand, Emil Spanyi et Fran\u00e7ois Th\u00e9berge.<\/p>\n\n\n\n<p>Il a compos\u00e9 notamment pour des courts-m\u00e9trages (\u00ab\u00a0Mirages\u00a0\u00bb, et&nbsp;\u00ab\u00a0Sunset&nbsp;Valentine\u00a0\u00bb&nbsp;r\u00e9alis\u00e9s&nbsp;par R\u00e9mi&nbsp;Sogadgi), et pour une pi\u00e8ce de th\u00e9\u00e2tre jou\u00e9e au Funambule Montmartre (\u00ab\u00a0Le Faucon\u00a0\u00bb, mise en sc\u00e8ne par Alice Roudier). Il a \u00e9galement jou\u00e9 dans des salles parisiennes telles que le Th\u00e9\u00e2tre du Ch\u00e2telet, le Duc des Lombards, la Petite Halle, etc.&nbsp;<\/p>\n","protected":false},"excerpt":{"rendered":"<p>Gr\u00e9goire Casseleux, saxophone Saxophoniste, compositeur et enseignant, Gr\u00e9goire est dipl\u00f4m\u00e9 du Conservatoire National Sup\u00e9rieur de Paris en jazz et en p\u00e9dagogie. Il a suivi des \u00e9tudes de musicologie \u00e0 La Sorbonne, de saxophone classique et jazz au Conservatoire R\u00e9gional de Paris, ainsi qu&rsquo;au P\u00f4le Sup\u00e9rieur de Paris Boulogne Billancourt. Il s\u2019est form\u00e9 au saxophone aupr\u00e8s &hellip; <a href=\"https:\/\/amc77.org\/index.php\/adrien-roch-saxophone\/\" class=\"more-link\">Continuer la lecture<span class=\"screen-reader-text\"> de &laquo;&nbsp;Gr\u00e9goire Casseleux, saxophone&nbsp;&raquo;<\/span><\/a><\/p>\n","protected":false},"author":1,"featured_media":2723,"parent":0,"menu_order":0,"comment_status":"closed","ping_status":"closed","template":"","meta":{"footnotes":""},"class_list":["post-179","page","type-page","status-publish","has-post-thumbnail","hentry"],"_links":{"self":[{"href":"https:\/\/amc77.org\/index.php\/wp-json\/wp\/v2\/pages\/179","targetHints":{"allow":["GET"]}}],"collection":[{"href":"https:\/\/amc77.org\/index.php\/wp-json\/wp\/v2\/pages"}],"about":[{"href":"https:\/\/amc77.org\/index.php\/wp-json\/wp\/v2\/types\/page"}],"author":[{"embeddable":true,"href":"https:\/\/amc77.org\/index.php\/wp-json\/wp\/v2\/users\/1"}],"replies":[{"embeddable":true,"href":"https:\/\/amc77.org\/index.php\/wp-json\/wp\/v2\/comments?post=179"}],"version-history":[{"count":17,"href":"https:\/\/amc77.org\/index.php\/wp-json\/wp\/v2\/pages\/179\/revisions"}],"predecessor-version":[{"id":2741,"href":"https:\/\/amc77.org\/index.php\/wp-json\/wp\/v2\/pages\/179\/revisions\/2741"}],"wp:featuredmedia":[{"embeddable":true,"href":"https:\/\/amc77.org\/index.php\/wp-json\/wp\/v2\/media\/2723"}],"wp:attachment":[{"href":"https:\/\/amc77.org\/index.php\/wp-json\/wp\/v2\/media?parent=179"}],"curies":[{"name":"wp","href":"https:\/\/api.w.org\/{rel}","templated":true}]}}

Grégoire Casseleux, saxophone

<h2 class="wp-block-heading has-text-align-center has-medium-font-size"><strong>Grégoire Casseleux, saxophone</strong></h2>



<p>Saxophoniste, compositeur et enseignant, Grégoire est diplômé du Conservatoire National Supérieur de Paris en jazz et en pédagogie.</p>



<p>Il a suivi des études de musicologie à La Sorbonne, de saxophone classique et jazz au Conservatoire Régional de Paris, ainsi qu&rsquo;au Pôle Supérieur de Paris Boulogne Billancourt.</p>



<p>Il s’est formé au saxophone auprès de Baptiste Herbin, Stéphane Guillaume, Jean-Charles Richard, Christian Wirth, mais aussi à l’arrangement avec Pierre Bertrand, Emil Spanyi et François Théberge.</p>



<p>Il a composé notamment pour des courts-métrages (« Mirages », et&nbsp;« Sunset&nbsp;Valentine »&nbsp;réalisés&nbsp;par Rémi&nbsp;Sogadgi), et pour une pièce de théâtre jouée au Funambule Montmartre (« Le Faucon », mise en scène par Alice Roudier). Il a également joué dans des salles parisiennes telles que le Théâtre du Châtelet, le Duc des Lombards, la Petite Halle, etc.&nbsp;</p>

<p>Grégoire Casseleux, saxophone Saxophoniste, compositeur et enseignant, Grégoire est diplômé du Conservatoire National Supérieur de Paris en jazz et en pédagogie. Il a suivi des études de musicologie à La Sorbonne, de saxophone classique et jazz au Conservatoire Régional de Paris, ainsi qu&rsquo;au Pôle Supérieur de Paris Boulogne Billancourt. Il s’est formé au saxophone auprès &hellip; <a href="https://amc77.org/index.php/adrien-roch-saxophone/" class="more-link">Continuer la lecture<span class="screen-reader-text"> de &laquo;&nbsp;Grégoire Casseleux, saxophone&nbsp;&raquo;</span></a></p>
