{"id":2727,"date":"2025-09-02T17:57:41","date_gmt":"2025-09-02T15:57:41","guid":{"rendered":"https:\/\/amc77.org\/?page_id=2727"},"modified":"2025-09-02T17:57:41","modified_gmt":"2025-09-02T15:57:41","slug":"accordeon-chromatique","status":"publish","type":"page","link":"https:\/\/amc77.org\/index.php\/accordeon-chromatique\/","title":{"rendered":"Accord\u00e9on Chromatique"},"content":{"rendered":"\n<p>Laur\u00e9ate du certificat d&rsquo;\u00e9tudes musicales au conservatoire communal de S\u00e8te (34) puis mention bien en formation musicale et instrumentale en fin de 3\u00e8me cycle.&nbsp;<\/p>\n\n\n\n<p>Je reprends un parcours diplomant au conservatoire.&nbsp;<\/p>\n\n\n\n<p>Apr\u00e8s de nombreuses ann\u00e9es \u00e0 suivre des cours de formation musicale (analyse, histoire de la musique, musique d\u2019ensemble, d\u00e9chiffrage&#8230;) et pratiquer l\u2019accord\u00e9on de concert, il est temps pour moi de transmettre ma passion.&nbsp;<\/p>\n\n\n\n<p>Je vous propose un r\u00e9pertoire vari\u00e9 (classique, moderne, ou vari\u00e9t\u00e9, allant de Bach \u00e0 Franck Angelis en passant par Mozart, Semionov, Galiano ou Thomain) \u00e0 agr\u00e9menter au fil de vos envies ou d\u00e9couvertes.&nbsp;<\/p>\n","protected":false},"excerpt":{"rendered":"<p>Laur\u00e9ate du certificat d&rsquo;\u00e9tudes musicales au conservatoire communal de S\u00e8te (34) puis mention bien en formation musicale et instrumentale en fin de 3\u00e8me cycle.&nbsp; Je reprends un parcours diplomant au conservatoire.&nbsp; Apr\u00e8s de nombreuses ann\u00e9es \u00e0 suivre des cours de formation musicale (analyse, histoire de la musique, musique d\u2019ensemble, d\u00e9chiffrage&#8230;) et pratiquer l\u2019accord\u00e9on de concert, &hellip; <a href=\"https:\/\/amc77.org\/index.php\/accordeon-chromatique\/\" class=\"more-link\">Continuer la lecture<span class=\"screen-reader-text\"> de &laquo;&nbsp;Accord\u00e9on Chromatique&nbsp;&raquo;<\/span><\/a><\/p>\n","protected":false},"author":2,"featured_media":2732,"parent":0,"menu_order":0,"comment_status":"closed","ping_status":"closed","template":"","meta":{"footnotes":""},"class_list":["post-2727","page","type-page","status-publish","has-post-thumbnail","hentry"],"_links":{"self":[{"href":"https:\/\/amc77.org\/index.php\/wp-json\/wp\/v2\/pages\/2727","targetHints":{"allow":["GET"]}}],"collection":[{"href":"https:\/\/amc77.org\/index.php\/wp-json\/wp\/v2\/pages"}],"about":[{"href":"https:\/\/amc77.org\/index.php\/wp-json\/wp\/v2\/types\/page"}],"author":[{"embeddable":true,"href":"https:\/\/amc77.org\/index.php\/wp-json\/wp\/v2\/users\/2"}],"replies":[{"embeddable":true,"href":"https:\/\/amc77.org\/index.php\/wp-json\/wp\/v2\/comments?post=2727"}],"version-history":[{"count":4,"href":"https:\/\/amc77.org\/index.php\/wp-json\/wp\/v2\/pages\/2727\/revisions"}],"predecessor-version":[{"id":2734,"href":"https:\/\/amc77.org\/index.php\/wp-json\/wp\/v2\/pages\/2727\/revisions\/2734"}],"wp:featuredmedia":[{"embeddable":true,"href":"https:\/\/amc77.org\/index.php\/wp-json\/wp\/v2\/media\/2732"}],"wp:attachment":[{"href":"https:\/\/amc77.org\/index.php\/wp-json\/wp\/v2\/media?parent=2727"}],"curies":[{"name":"wp","href":"https:\/\/api.w.org\/{rel}","templated":true}]}}