{"id":674,"date":"2019-12-22T08:39:02","date_gmt":"2019-12-22T07:39:02","guid":{"rendered":"http:\/\/amc77.org\/?page_id=674"},"modified":"2025-01-28T14:52:37","modified_gmt":"2025-01-28T13:52:37","slug":"francois-moysan-piano-et-fm","status":"publish","type":"page","link":"https:\/\/amc77.org\/index.php\/francois-moysan-piano-et-fm\/","title":{"rendered":"Fran\u00e7ois MOYSAN, piano et FM"},"content":{"rendered":"\n<h2 class=\"wp-block-heading has-text-align-center has-medium-font-size\"><strong>Fran\u00e7ois Moysan<\/strong>, piano et FM<\/h2>\n\n\n\n<p class=\"has-text-align-left\">N\u00e9 \u00e0 Angers, Fran\u00e7ois Moysan grandit \u00e0 Chartres o\u00f9 il effectue ses \u00e9tudes au Lyc\u00e9e Marceau et au Conservatoire \u00e0 Rayonnement D\u00e9partemental en jazz, en piano classique et en \u00e9criture.<br>Apr\u00e8s un Baccalaur\u00e9at section Litt\u00e9raire, il int\u00e8gre le cursus jazz du 9e arrondissement de Paris o\u00f9 il \u00e9tudie aupr\u00e8s de Jacques Schneck et Nicolas Dary. C&rsquo;est aussi l\u00e0 qu&rsquo;il rencontre Manuel Rocheman, celui-ci lui transmet l&rsquo;h\u00e9ritage de Martial Solal et enrichit sa connaissance du pianisme sp\u00e9cifique au jazz. Apr\u00e8s un DEM d\u2019\u00c9criture au Conservatoire \u00e0 Rayonnement R\u00e9gional de Paris, il est admis au Conservatoire National pour la rentr\u00e9e 2015 et en sort dipl\u00f4m\u00e9 au grade de Master mention Tr\u00e8s Bien en juin 2021, muni de trois prix: Harmonie,<br>Contrepoint et Fugue.<br>Pour son m\u00e9moire de Master il transcrit un piano solo complet de Martial Solal \u00e0 la Maison de la Radio, &lsquo;Round Midnight, admir\u00e9 par le ma\u00eetre en personne.<br>Fran\u00e7ois Moysan s&rsquo;investit \u00e0 pr\u00e9sent tout particuli\u00e8rement au sein de FMD, son duo avec le batteur R\u00e9mi M\u00e9tral, ainsi que dans son propre quartet de jazz contemporain o\u00f9 il d\u00e9couvre de nouveaux d\u00e9fis et par l\u00e0 de nouvelles perspectives, en d\u00e9fendant un r\u00e9pertoire de morceaux originaux.<br>Ses comp\u00e9tences de musicien et d&rsquo;improvisateur sont encore plus saisissantes lorsqu&rsquo;il joue en public avec sa propre musique, forte de ses ann\u00e9es aupr\u00e8s des grands organistes Pierre Pincemaille et Thierry Escaich, deux de ses mentors.<br>Fran\u00e7ois Moysan est aussi professeur ind\u00e9pendant de musique.<\/p>\n\n\n\n<p class=\"has-text-align-left\"><br><strong>English version<\/strong><br>Born in Angers, Fran\u00e7ois Moysan grew up in Chartres where he went to the Lyc\u00e9e Marceau and studied jazz, classical piano and composition at the Conservatoire \u00e0 Rayonnement D\u00e9partemental.<br>After a Baccalaur\u00e9at in Literary Studies, he entered the jazz cursus of the 9th arrondissement in Paris where he studied alongside Jacques Schneck and Nicolas Dary. There, he also met Manuel Rocheman. The former passed the legacy of Martial Solal onto him and enriched his knowledge of jazz pianism. After a diploma in composition at the Conservatoire \u00e0 Rayonnement R\u00e9gional of Paris, he was admitted to the CNSMDP for the new school year of 2015 and graduated in june 2021 with a Master&rsquo;s degree magna cum laude, holding three<br>prizes: Harmony, Counterpoint &amp; Fugue.<br>For his Master thesis, he transcribes a complete piano solo of Martial Solal at Maison De La Radio, &lsquo;Round Midnight, praised by the master himself.<br>Fran\u00e7ois Moysan now invests himself particularly in FMD, his duo with the drummer R\u00e9mi Metral and within his own contemporary jazz quartet, discovering new challenges and fostering new perspectives all while defending a repertoire of original tunes.<br>His skills as a musician and improviser are even more striking when he is playing live with his own compositions, strong from his years with the great organists Pierre Pincemaille and Thierry Escaich, two of his mentors.<br>Fran\u00e7ois Moysan also works as an independent teacher in music.<\/p>\n","protected":false},"excerpt":{"rendered":"<p>Fran\u00e7ois Moysan, piano et FM N\u00e9 \u00e0 Angers, Fran\u00e7ois Moysan grandit \u00e0 Chartres o\u00f9 il effectue ses \u00e9tudes au Lyc\u00e9e Marceau et au Conservatoire \u00e0 Rayonnement D\u00e9partemental en jazz, en piano classique et en \u00e9criture.Apr\u00e8s un Baccalaur\u00e9at section Litt\u00e9raire, il int\u00e8gre le cursus jazz du 9e arrondissement de Paris o\u00f9 il \u00e9tudie aupr\u00e8s de Jacques &hellip; <a href=\"https:\/\/amc77.org\/index.php\/francois-moysan-piano-et-fm\/\" class=\"more-link\">Continuer la lecture<span class=\"screen-reader-text\"> de &laquo;&nbsp;Fran\u00e7ois MOYSAN, piano et FM&nbsp;&raquo;<\/span><\/a><\/p>\n","protected":false},"author":1,"featured_media":675,"parent":0,"menu_order":0,"comment_status":"closed","ping_status":"closed","template":"","meta":{"footnotes":""},"class_list":["post-674","page","type-page","status-publish","has-post-thumbnail","hentry"],"_links":{"self":[{"href":"https:\/\/amc77.org\/index.php\/wp-json\/wp\/v2\/pages\/674","targetHints":{"allow":["GET"]}}],"collection":[{"href":"https:\/\/amc77.org\/index.php\/wp-json\/wp\/v2\/pages"}],"about":[{"href":"https:\/\/amc77.org\/index.php\/wp-json\/wp\/v2\/types\/page"}],"author":[{"embeddable":true,"href":"https:\/\/amc77.org\/index.php\/wp-json\/wp\/v2\/users\/1"}],"replies":[{"embeddable":true,"href":"https:\/\/amc77.org\/index.php\/wp-json\/wp\/v2\/comments?post=674"}],"version-history":[{"count":5,"href":"https:\/\/amc77.org\/index.php\/wp-json\/wp\/v2\/pages\/674\/revisions"}],"predecessor-version":[{"id":2536,"href":"https:\/\/amc77.org\/index.php\/wp-json\/wp\/v2\/pages\/674\/revisions\/2536"}],"wp:featuredmedia":[{"embeddable":true,"href":"https:\/\/amc77.org\/index.php\/wp-json\/wp\/v2\/media\/675"}],"wp:attachment":[{"href":"https:\/\/amc77.org\/index.php\/wp-json\/wp\/v2\/media?parent=674"}],"curies":[{"name":"wp","href":"https:\/\/api.w.org\/{rel}","templated":true}]}}

François MOYSAN, piano et FM

<h2 class="wp-block-heading has-text-align-center has-medium-font-size"><strong>François Moysan</strong>, piano et FM</h2>



<p class="has-text-align-left">Né à Angers, François Moysan grandit à Chartres où il effectue ses études au Lycée Marceau et au Conservatoire à Rayonnement Départemental en jazz, en piano classique et en écriture.<br>Après un Baccalauréat section Littéraire, il intègre le cursus jazz du 9e arrondissement de Paris où il étudie auprès de Jacques Schneck et Nicolas Dary. C&rsquo;est aussi là qu&rsquo;il rencontre Manuel Rocheman, celui-ci lui transmet l&rsquo;héritage de Martial Solal et enrichit sa connaissance du pianisme spécifique au jazz. Après un DEM d’Écriture au Conservatoire à Rayonnement Régional de Paris, il est admis au Conservatoire National pour la rentrée 2015 et en sort diplômé au grade de Master mention Très Bien en juin 2021, muni de trois prix: Harmonie,<br>Contrepoint et Fugue.<br>Pour son mémoire de Master il transcrit un piano solo complet de Martial Solal à la Maison de la Radio, &lsquo;Round Midnight, admiré par le maître en personne.<br>François Moysan s&rsquo;investit à présent tout particulièrement au sein de FMD, son duo avec le batteur Rémi Métral, ainsi que dans son propre quartet de jazz contemporain où il découvre de nouveaux défis et par là de nouvelles perspectives, en défendant un répertoire de morceaux originaux.<br>Ses compétences de musicien et d&rsquo;improvisateur sont encore plus saisissantes lorsqu&rsquo;il joue en public avec sa propre musique, forte de ses années auprès des grands organistes Pierre Pincemaille et Thierry Escaich, deux de ses mentors.<br>François Moysan est aussi professeur indépendant de musique.</p>



<p class="has-text-align-left"><br><strong>English version</strong><br>Born in Angers, François Moysan grew up in Chartres where he went to the Lycée Marceau and studied jazz, classical piano and composition at the Conservatoire à Rayonnement Départemental.<br>After a Baccalauréat in Literary Studies, he entered the jazz cursus of the 9th arrondissement in Paris where he studied alongside Jacques Schneck and Nicolas Dary. There, he also met Manuel Rocheman. The former passed the legacy of Martial Solal onto him and enriched his knowledge of jazz pianism. After a diploma in composition at the Conservatoire à Rayonnement Régional of Paris, he was admitted to the CNSMDP for the new school year of 2015 and graduated in june 2021 with a Master&rsquo;s degree magna cum laude, holding three<br>prizes: Harmony, Counterpoint &amp; Fugue.<br>For his Master thesis, he transcribes a complete piano solo of Martial Solal at Maison De La Radio, &lsquo;Round Midnight, praised by the master himself.<br>François Moysan now invests himself particularly in FMD, his duo with the drummer Rémi Metral and within his own contemporary jazz quartet, discovering new challenges and fostering new perspectives all while defending a repertoire of original tunes.<br>His skills as a musician and improviser are even more striking when he is playing live with his own compositions, strong from his years with the great organists Pierre Pincemaille and Thierry Escaich, two of his mentors.<br>François Moysan also works as an independent teacher in music.</p>

<p>François Moysan, piano et FM Né à Angers, François Moysan grandit à Chartres où il effectue ses études au Lycée Marceau et au Conservatoire à Rayonnement Départemental en jazz, en piano classique et en écriture.Après un Baccalauréat section Littéraire, il intègre le cursus jazz du 9e arrondissement de Paris où il étudie auprès de Jacques &hellip; <a href="https://amc77.org/index.php/francois-moysan-piano-et-fm/" class="more-link">Continuer la lecture<span class="screen-reader-text"> de &laquo;&nbsp;François MOYSAN, piano et FM&nbsp;&raquo;</span></a></p>
