{"id":861,"date":"2020-04-23T17:29:30","date_gmt":"2020-04-23T15:29:30","guid":{"rendered":"http:\/\/amc77.org\/?page_id=861"},"modified":"2025-09-02T17:15:08","modified_gmt":"2025-09-02T15:15:08","slug":"decouverte-des-instruments","status":"publish","type":"page","link":"https:\/\/amc77.org\/index.php\/decouverte-des-instruments\/","title":{"rendered":"D\u00e9couverte des Instruments (5 et 6 ans)"},"content":{"rendered":"\n<h1 class=\"wp-block-heading has-text-align-center has-huge-font-size\"><strong><em>D\u00e9couverte des Instruments (5 et 6 ans)<\/em><\/strong><\/h1>\n\n\n\n<p style=\"line-height:1.3\">Dans la continuit\u00e9 des cours d\u2019\u00e9veil musical, l&rsquo;atelier de d\u00e9couverte instrumentale s\u2019adressent aux&nbsp;enfants&nbsp; de 5 et 6 ans n&rsquo;ayant pas encore choisi leur instrument.<\/p>\n\n\n\n<p style=\"line-height:1.3\">Cet atelier permettra aux enfants de d\u00e9couvrir les diff\u00e9rents instruments enseign\u00e9s dans notre \u00e9cole, et de pouvoir ensuite se diriger vers la pratique de l&rsquo;un d&rsquo;entre eux.<br><br>En initiant vos enfants \u00e0 la musique, vous leur faites le plus beau des cadeaux. Vous leur offrez un moyen d\u2019expression qui les accompagnera toute leur vie.<\/p>\n\n\n\n<p><strong>Contenu&nbsp;:<\/strong><\/p>\n\n\n\n<p style=\"line-height:1.3\">&#8211; D\u00e9couverte des instruments enseign\u00e9s \u00e0 l&rsquo;\u00e9cole de musique&nbsp;: piano, batterie, violon et violoncelle, trompette, saxophone, clarinette, fl\u00fbte traversi\u00e8re, harpe et guitare.<br>Les enfants b\u00e9n\u00e9ficieront d&rsquo;une premi\u00e8re approche de la technique instrumentale, avec plusieurs s\u00e9ances par instruments.<br><br>&#8211; Jeux musicaux&nbsp;: reconnaissance d&rsquo;instruments, questions\/r\u00e9ponses entre camarades avec les instruments d\u00e9couverts, Quizz sur les instruments, jeux rythmiques, jeux sur le tempo (vitesse), et les nuances (volume sonore).<br><br>&#8211;&nbsp; Pratique individuelle et collective&nbsp;: chacun pourra s&rsquo;exprimer \u00e0 son tour et \u00e9galement jouer des moments musicaux \u00e0 plusieurs.<br><br>&#8211; D\u00e9couverte de diff\u00e9rents styles musicaux, et mani\u00e8res de jouer les instruments par le biais d&rsquo;\u00e9coutes d&rsquo;oeuvres, de visionnage de vid\u00e9os, et parfois l&rsquo;intervention de professeurs de l&rsquo;\u00e9cole, sp\u00e9cialistes d&rsquo;un des instruments.<br><br>&#8211; D\u00e9couverte d&rsquo;une pratique musicale o\u00f9 l&rsquo;enfant sera musicien et \u00e9galement chef d&rsquo;orchestre, avec le sound-painting. (atelier de pratique collective propos\u00e9 par l&rsquo;\u00e9cole de musique)<\/p>\n\n\n\n<p><br><strong>Objectifs&nbsp;:<\/strong><\/p>\n\n\n\n<p style=\"line-height:1.3\">&#8211; Sensibiliser les enfants aux diff\u00e9rentes sonorit\u00e9s des instruments qui leur seront propos\u00e9s. Etre capable de reconna\u00eetre le son des instruments d\u00e9couverts.<br><br>&#8211; Reconna\u00eetre les diff\u00e9rents styles musicaux abord\u00e9s.<br><br>&#8211; Approfondir sa qualit\u00e9 d&rsquo;\u00e9coute.<br><br>&#8211; Acqu\u00e9rir un geste musical dans le jeu de l&rsquo;instrument ainsi que dans la direction d&rsquo;un ensemble. Exp\u00e9rimenter des mani\u00e8res de jouer et de diriger les autres.<br><br>&#8211; D\u00e9velopper la ma\u00eetrise de son corps en fonction des contraintes qu&rsquo;apporte le jeu de certains instruments.<br><br>&#8211; Etre capable d&rsquo;\u00e9couter les autres, \u00eatre patient, appr\u00e9cier les \u00e9changes entre les participants, et partager ses ressentis. Rester bienveillant avec ses camarades, et dans le respect de chacun.<br><br>&#8211; D\u00e9velopper sa concentration dans l&rsquo;activit\u00e9, ma\u00eetriser ses \u00e9motions, et les exprimer.<br><br>&#8211; D\u00e9velopper sa cr\u00e9ativit\u00e9, et le plaisir de faire.<\/p>\n\n\n\n<figure class=\"wp-block-image size-full\"><img loading=\"lazy\" decoding=\"async\" width=\"744\" height=\"1052\" src=\"https:\/\/amc77.org\/wp-content\/uploads\/2025\/09\/affiche-decouverte-des-instruments-2025.png\" alt=\"\" class=\"wp-image-2742\" srcset=\"https:\/\/amc77.org\/wp-content\/uploads\/2025\/09\/affiche-decouverte-des-instruments-2025.png 744w, https:\/\/amc77.org\/wp-content\/uploads\/2025\/09\/affiche-decouverte-des-instruments-2025-212x300.png 212w, https:\/\/amc77.org\/wp-content\/uploads\/2025\/09\/affiche-decouverte-des-instruments-2025-724x1024.png 724w\" sizes=\"auto, (max-width: 744px) 85vw, 744px\" \/><\/figure>\n","protected":false},"excerpt":{"rendered":"<p>D\u00e9couverte des Instruments (5 et 6 ans) Dans la continuit\u00e9 des cours d\u2019\u00e9veil musical, l&rsquo;atelier de d\u00e9couverte instrumentale s\u2019adressent aux&nbsp;enfants&nbsp; de 5 et 6 ans n&rsquo;ayant pas encore choisi leur instrument. Cet atelier permettra aux enfants de d\u00e9couvrir les diff\u00e9rents instruments enseign\u00e9s dans notre \u00e9cole, et de pouvoir ensuite se diriger vers la pratique de &hellip; <a href=\"https:\/\/amc77.org\/index.php\/decouverte-des-instruments\/\" class=\"more-link\">Continuer la lecture<span class=\"screen-reader-text\"> de &laquo;&nbsp;D\u00e9couverte des Instruments (5 et 6 ans)&nbsp;&raquo;<\/span><\/a><\/p>\n","protected":false},"author":2,"featured_media":1384,"parent":0,"menu_order":0,"comment_status":"closed","ping_status":"closed","template":"","meta":{"footnotes":""},"class_list":["post-861","page","type-page","status-publish","has-post-thumbnail","hentry"],"_links":{"self":[{"href":"https:\/\/amc77.org\/index.php\/wp-json\/wp\/v2\/pages\/861","targetHints":{"allow":["GET"]}}],"collection":[{"href":"https:\/\/amc77.org\/index.php\/wp-json\/wp\/v2\/pages"}],"about":[{"href":"https:\/\/amc77.org\/index.php\/wp-json\/wp\/v2\/types\/page"}],"author":[{"embeddable":true,"href":"https:\/\/amc77.org\/index.php\/wp-json\/wp\/v2\/users\/2"}],"replies":[{"embeddable":true,"href":"https:\/\/amc77.org\/index.php\/wp-json\/wp\/v2\/comments?post=861"}],"version-history":[{"count":12,"href":"https:\/\/amc77.org\/index.php\/wp-json\/wp\/v2\/pages\/861\/revisions"}],"predecessor-version":[{"id":2743,"href":"https:\/\/amc77.org\/index.php\/wp-json\/wp\/v2\/pages\/861\/revisions\/2743"}],"wp:featuredmedia":[{"embeddable":true,"href":"https:\/\/amc77.org\/index.php\/wp-json\/wp\/v2\/media\/1384"}],"wp:attachment":[{"href":"https:\/\/amc77.org\/index.php\/wp-json\/wp\/v2\/media?parent=861"}],"curies":[{"name":"wp","href":"https:\/\/api.w.org\/{rel}","templated":true}]}}