{"id":898,"date":"2020-04-23T16:15:08","date_gmt":"2020-04-23T14:15:08","guid":{"rendered":"http:\/\/amc77.org\/?page_id=898"},"modified":"2021-01-19T12:11:14","modified_gmt":"2021-01-19T11:11:14","slug":"projet-decole","status":"publish","type":"page","link":"https:\/\/amc77.org\/index.php\/projet-decole\/","title":{"rendered":"Le projet d&rsquo;\u00e9cole 2019-2022"},"content":{"rendered":"\n<h1 class=\"has-text-align-center wp-block-heading\"><strong><em>Le projet d&rsquo;\u00e9cole 2019-202<\/em><\/strong>2<\/h1>\n\n\n\n<p>Le projet d\u2019\u00e9cole 2019\/2022 a pour objectifs de rassembler le Conseil d\u2019Administration, les professeurs, les adh\u00e9rents et les \u00e9l\u00e8ves autour d\u2019objectifs permettant de poursuivre le d\u00e9veloppement durable de l\u2019\u00e9cole au b\u00e9n\u00e9fice de ses \u00e9l\u00e8ves. Il a \u00e9t\u00e9 construit en concertation avec les professeurs et la coordinatrice p\u00e9dagogique, et en coh\u00e9rence avec les objectifs de soutien \u00e0 la politique culturelle de la mairie d\u2019Avon et du Conseil D\u00e9partementale de Seine-et-Marne, puis approuv\u00e9 en assembl\u00e9e g\u00e9n\u00e9rale le 28 mai 2019.<\/p>\n\n\n\n<p>Il est construit autour des axes suivants&nbsp;:<\/p>\n\n\n\n<div class=\"wp-block-media-text alignwide is-stacked-on-mobile\" style=\"grid-template-columns:85% auto\"><figure class=\"wp-block-media-text__media\"><img loading=\"lazy\" decoding=\"async\" width=\"654\" height=\"293\" src=\"http:\/\/amc77.org\/wp-content\/uploads\/2020\/04\/les-axes-1.png\" alt=\"\" class=\"wp-image-929 size-full\" srcset=\"https:\/\/amc77.org\/wp-content\/uploads\/2020\/04\/les-axes-1.png 654w, https:\/\/amc77.org\/wp-content\/uploads\/2020\/04\/les-axes-1-300x134.png 300w\" sizes=\"auto, (max-width: 654px) 85vw, 654px\" \/><\/figure><div class=\"wp-block-media-text__content\">\n<p class=\"has-large-font-size\"><\/p>\n<\/div><\/div>\n\n\n\n<p>Chaque axe de d\u00e9veloppement est d\u00e9clin\u00e9 en actions concr\u00e8tes qui sont mises en \u0153uvre progressivement. Une 1<sup>\u00e8re<\/sup> action a consist\u00e9 \u00e0 r\u00e9organiser les cursus d\u2019apprentissage de l\u2019\u00e9cole, avec une mise en \u0153uvre \u00e0 la rentr\u00e9e de septembre 2019.<\/p>\n","protected":false},"excerpt":{"rendered":"<p>Le projet d&rsquo;\u00e9cole 2019-2022 Le projet d\u2019\u00e9cole 2019\/2022 a pour objectifs de rassembler le Conseil d\u2019Administration, les professeurs, les adh\u00e9rents et les \u00e9l\u00e8ves autour d\u2019objectifs permettant de poursuivre le d\u00e9veloppement durable de l\u2019\u00e9cole au b\u00e9n\u00e9fice de ses \u00e9l\u00e8ves. Il a \u00e9t\u00e9 construit en concertation avec les professeurs et la coordinatrice p\u00e9dagogique, et en coh\u00e9rence avec &hellip; <a href=\"https:\/\/amc77.org\/index.php\/projet-decole\/\" class=\"more-link\">Continuer la lecture<span class=\"screen-reader-text\"> de &laquo;&nbsp;Le projet d&rsquo;\u00e9cole 2019-2022&nbsp;&raquo;<\/span><\/a><\/p>\n","protected":false},"author":2,"featured_media":1476,"parent":0,"menu_order":0,"comment_status":"closed","ping_status":"closed","template":"","meta":{"footnotes":""},"class_list":["post-898","page","type-page","status-publish","has-post-thumbnail","hentry"],"_links":{"self":[{"href":"https:\/\/amc77.org\/index.php\/wp-json\/wp\/v2\/pages\/898","targetHints":{"allow":["GET"]}}],"collection":[{"href":"https:\/\/amc77.org\/index.php\/wp-json\/wp\/v2\/pages"}],"about":[{"href":"https:\/\/amc77.org\/index.php\/wp-json\/wp\/v2\/types\/page"}],"author":[{"embeddable":true,"href":"https:\/\/amc77.org\/index.php\/wp-json\/wp\/v2\/users\/2"}],"replies":[{"embeddable":true,"href":"https:\/\/amc77.org\/index.php\/wp-json\/wp\/v2\/comments?post=898"}],"version-history":[{"count":8,"href":"https:\/\/amc77.org\/index.php\/wp-json\/wp\/v2\/pages\/898\/revisions"}],"predecessor-version":[{"id":1613,"href":"https:\/\/amc77.org\/index.php\/wp-json\/wp\/v2\/pages\/898\/revisions\/1613"}],"wp:featuredmedia":[{"embeddable":true,"href":"https:\/\/amc77.org\/index.php\/wp-json\/wp\/v2\/media\/1476"}],"wp:attachment":[{"href":"https:\/\/amc77.org\/index.php\/wp-json\/wp\/v2\/media?parent=898"}],"curies":[{"name":"wp","href":"https:\/\/api.w.org\/{rel}","templated":true}]}}